{"id":3418,"date":"2018-04-09T17:51:40","date_gmt":"2018-04-09T15:51:40","guid":{"rendered":"http:\/\/localhost:8888\/?page_id=3418"},"modified":"2026-03-17T08:49:32","modified_gmt":"2026-03-17T07:49:32","slug":"menu-de-la-cantine","status":"publish","type":"page","link":"http:\/\/ville-frelinghien.fr\/index.php\/menu-de-la-cantine\/","title":{"rendered":"MENU DE LA CANTINE"},"content":{"rendered":"<\/div><\/div><\/div><!-- close content main div --><\/div><\/div><div id='av_section_1' class='avia-section main_color avia-section-huge avia-no-shadow av-section-color-overlay-active avia-bg-style-scroll   container_wrap sidebar_right' style = 'background-image: '  ><div class='av-section-color-overlay-wrap'><div class='av-section-color-overlay' style='opacity: 0.8; background-color: #2e3e54; '><\/div><div class='container' ><div class='template-page content  av-content-small alpha units'><div class='post-entry post-entry-type-page post-entry-3418'><div class='entry-content-wrapper clearfix'>\n<div style='padding-bottom:0px; color:#fbe14d;font-size:40px;' class='av-special-heading av-special-heading-h1 custom-color-heading blockquote modern-quote modern-centered   av-inherit-size '><h1 class='av-special-heading-tag '  itemprop=\"headline\"  ><strong style=\"background-color: black; padding: 20px; top: 20px; bottom: 20px;\">#MENU\/CANTINE<\/strong><\/h1><div class='special-heading-border'><div class='special-heading-inner-border' style='border-color:#fbe14d'><\/div><\/div><\/div>\n<div style='padding-bottom:0px; color:#fbe14d;font-size:40px;' class='av-special-heading av-special-heading-h1 custom-color-heading blockquote modern-quote modern-centered  av-inherit-size '><h1 class='av-special-heading-tag '  itemprop=\"headline\"  >DU 02 MARS AU 10 AVRIL 2026<\/h1><div class='special-heading-border'><div class='special-heading-inner-border' style='border-color:#fbe14d'><\/div><\/div><\/div>\n<div style='height:50px' class='hr hr-invisible  '><span class='hr-inner ' ><span class='hr-inner-style'><\/span><\/span><\/div>\n<section class=\"av_textblock_section \"  itemscope=\"itemscope\" itemtype=\"https:\/\/schema.org\/CreativeWork\" ><div class='avia_textblock  av_inherit_color '  style='color:#dddddd; '  itemprop=\"text\" ><p style=\"text-align: center;\">Bonjour \u00e0 tous !\u00a0 Consultez\u00a0<em>d&rsquo;ores et d\u00e9j\u00e0 le menu de la cantine !<\/em><\/p>\n<\/div><\/section>\n<\/div><\/div><\/div><!-- close content main div --><\/div><\/div><\/div><div id='after_section_1' class='main_color av_default_container_wrap container_wrap sidebar_right'   ><div class='container' ><div class='template-page content  av-content-small alpha units'><div class='post-entry post-entry-type-page post-entry-3418'><div class='entry-content-wrapper clearfix'>\n<div class='avia-table main_color avia-pricing-table-container avia_show_empty_cells avia_pricing_minimal  avia-table-1 '  itemscope=\"itemscope\" itemtype=\"https:\/\/schema.org\/Table\" ><div class='pricing-table-wrap'><ul class='pricing-table avia-center-col'><li class='avia-heading-row'><div class='first-table-item'>#MENU<\/div><span class='pricing-extra'><\/span><\/li><li class=''>LUNDI<\/li><li class=''>MARDI<\/li><li class=''>JEUDI<\/li><li class=''>VENDREDI<\/li><\/ul><\/div><div class='pricing-table-wrap'><ul class='pricing-table '><li class='avia-heading-row'><div class='first-table-item'>Du 02 au 06 mars<\/div><span class='pricing-extra'><\/span><\/li><li class=''>Potage \u00e0 la tomate<br \/>\nBlanquette de poisson MSC<br \/>\nRiz<br \/>\nSauce<br \/>\nMousse au chocolat<br \/>\n&#8212;&#8212;-<\/li><li class=''>Goulash<br \/>\nPommes croquettes<br \/>\nSalade<br \/>\nEdam<br \/>\nFruit de saison<br \/>\n&#8212;&#8212;-<\/li><li class=''>Chipolatas (P)<br \/>\nPommes de terre<br \/>\nChoux rouges aux pommes<br \/>\nVache picon<br \/>\nDonut&rsquo;s<br \/>\n&#8212;&#8211;<\/li><li class=''>Salade florida<br \/>\nPan\u00e9 v\u00e9g\u00e9tal<br \/>\nTortis<br \/>\nSauce curry<br \/>\nEmmental r\u00e2p\u00e9<br \/>\nFruit de saison<br \/>\n&#8212;&#8211;<\/li><\/ul><\/div><div class='pricing-table-wrap'><ul class='pricing-table '><li class='avia-heading-row'><div class='first-table-item'>Du 09 au 13 mars<\/div><span class='pricing-extra'><\/span><\/li><li class=''>Boulettes<br \/>\nSemoule<br \/>\nL\u00e9gumes couscous<br \/>\nCamembert<br \/>\nFruit de saison<br \/>\n&#8212;&#8212;-<\/li><li class=''>Mac\u00e9doine<br \/>\nDahl de lentilles<br \/>\nRiz<br \/>\nSauce<br \/>\nBrass\u00e9 aux fruits<br \/>\n&#8212;&#8212;-<\/li><li class=''>Potage cultivateur<br \/>\nGratin savoyard (P)<br \/>\nSalade<br \/>\nSalade de fruits<br \/>\n&#8212;&#8211;<\/li><li class=''>Salade de haricots verts<br \/>\nThon \u00e0 la catalane<br \/>\nFarfalles<br \/>\nEmmental r\u00e2p\u00e9<br \/>\nLi\u00e9geois chocolat<br \/>\n&#8212;&#8211;<\/li><\/ul><\/div><div class='pricing-table-wrap'><ul class='pricing-table '><li class='avia-heading-row'><div class='first-table-item'>Du 16 au 20 mars<\/div><span class='pricing-extra'><\/span><\/li><li class=''>Potage au potiron<br \/>\nEscalope de poulet aux champignons<br \/>\nBoulgour<br \/>\nSauce<br \/>\nYaourt nature sucr\u00e9<br \/>\n&#8212;&#8212;-<\/li><li class=''>Saint Patrick<br \/>\nColeslaw (carottes HVE)<br \/>\nFish&rsquo;n chips MSC<br \/>\nPommes saut\u00e9es<br \/>\nSalade<br \/>\nMayonnaise<br \/>\nCrumble aux pommes<br \/>\n&#8212;&#8212;-<\/li><li class=''>Betteraves rouges<br \/>\nJambon (P)<br \/>\nCoquillettes<br \/>\nSauce tomate<br \/>\nEmmental r\u00e2p\u00e9<br \/>\nCr\u00e8me dessert vanille<br \/>\n&#8212;&#8211;<\/li><li class=''>Omelette<br \/>\nPommes de terre<br \/>\nPetits pois<br \/>\nSauce dijonnaise<br \/>\nFromage frais<br \/>\nFruit de saison<br \/>\n&#8212;&#8211;<\/li><\/ul><\/div><div class='pricing-table-wrap'><ul class='pricing-table '><li class='avia-heading-row'><div class='first-table-item'>Du 23 au 27 mars<\/div><span class='pricing-extra'><\/span><\/li><li class=''>Carottes r\u00e2p\u00e9es HVE<br \/>\nPalets fromagers<br \/>\nMacaroni<br \/>\nSauce paprika<br \/>\nYaourt aromatis\u00e9<br \/>\n&#8212;&#8212;<\/li><li class=''>Saut\u00e9 de porc (P)<br \/>\nSemoule<br \/>\nRatatouille<br \/>\nBrie<br \/>\nFruit de saison<br \/>\n&#8212;&#8212;-<\/li><li class=''>Potage du Barry<br \/>\nLangue de B\u0153uf<br \/>\nPur\u00e9e au lait<br \/>\nSauce charcuti\u00e8re<br \/>\nNapp\u00e9 caramel<br \/>\n&#8212;&#8211;<\/li><li class=''>Mac\u00e9doine<br \/>\nPoisson meuni\u00e8re MSC<br \/>\nRiz aux petits l\u00e9gumes<br \/>\nSauce au citron<br \/>\nYaourt \u00e0 boire<br \/>\n&#8212;&#8211;<\/li><\/ul><\/div><div class='pricing-table-wrap'><ul class='pricing-table '><li class='avia-heading-row'><div class='first-table-item'>Du 30 mars au 03 avril<\/div><span class='pricing-extra'><\/span><\/li><li class=''>Saucisses de Strasbourg (P)<br \/>\nPommes de terre<br \/>\nHaricots blanc \u00e0 la tomate<br \/>\nGouda<br \/>\nFruit de saison<br \/>\n&#8212;&#8212;<\/li><li class=''>C\u00e9leri r\u00e9moulade<br \/>\nR\u00f4ti de dinde aux herbes<br \/>\nPennes<br \/>\nSauce<br \/>\nEmmental r\u00e2p\u00e9<br \/>\nCr\u00e8me dessert chocolat<br \/>\n&#8212;&#8211;<\/li><li class=''>Hamburger<br \/>\nPommes am\u00e9ricaines<br \/>\nSalade<br \/>\nKetchup<br \/>\nYaourt nature sucr\u00e9<br \/>\n&#8212;&#8211;<\/li><li class=''>Potage cr\u00e9cy<br \/>\nTortellini ricotta \u00e9pinards<br \/>\nEmmental r\u00e2p\u00e9<br \/>\nCompote<br \/>\n&#8212;&#8211;<\/li><\/ul><\/div><div class='pricing-table-wrap'><ul class='pricing-table '><li class='avia-heading-row'><div class='first-table-item'>Du 06 au 10 avril<\/div><span class='pricing-extra'><\/span><\/li><li class=''>FERIE<br \/>\nLundi de P\u00e2ques<br \/>\n&#8212;&#8211;<\/li><li class=''>Eminc\u00e9 de volaille<br \/>\nGratin de pommes de terre<br \/>\nSalade<br \/>\nCarr\u00e9<br \/>\nCake aux p\u00e9pites de chocolat<br \/>\n&#8212;&#8211;<\/li><li class=''>Potage \u00e0 la tomate<br \/>\nAiguillette de bl\u00e9 \u00e0 l&#8217;emmental<br \/>\nRiz<br \/>\nBrocolis \u00e0 la b\u00e9chamel<br \/>\nSauce<br \/>\nFruit de saison<br \/>\n&#8212;&#8211;<\/li><li class=''>Carottes r\u00e2p\u00e9es HVE<br \/>\nHachis parmentier<br \/>\nSalade<br \/>\nFlan vanille<br \/>\n&#8212;&#8211;<\/li><\/ul><\/div><\/div>\n<div class='avia-button-wrap avia-button-center '><a href='http:\/\/ville-frelinghien.fr\/wp-content\/uploads\/2026\/02\/Mairie-de-Frelinghien-du-02-mars-au-10-avril-2026.pdf'  class='avia-button   avia-icon_select-no avia-color-theme-color avia-size-medium avia-position-center '  target=\"_blank\"   ><span class='avia_iconbox_title' >menu du 02 mars au 10 avril 2026<\/span><\/a><\/div>\n<div class='avia-button-wrap avia-button-center '><a href='http:\/\/ville-frelinghien.fr\/wp-content\/uploads\/2026\/03\/Mairie-de-Frelinghien-CA-Printemps-2026.pdf'  class='avia-button   avia-icon_select-no avia-color-theme-color avia-size-medium avia-position-center '  target=\"_blank\"   ><span class='avia_iconbox_title' >menu centre a\u00e9r\u00e9 vacances printemps 2026<\/span><\/a><\/div>\n","protected":false},"excerpt":{"rendered":"","protected":false},"author":2,"featured_media":0,"parent":0,"menu_order":0,"comment_status":"closed","ping_status":"closed","template":"","meta":{"_monsterinsights_skip_tracking":false,"_monsterinsights_sitenote_active":false,"_monsterinsights_sitenote_note":"","_monsterinsights_sitenote_category":0,"footnotes":""},"yoast_head":"<!-- This site is optimized with the Yoast SEO plugin v22.8 - https:\/\/yoast.com\/wordpress\/plugins\/seo\/ -->\n<title>MENU DE LA CANTINE - Frelinghien<\/title>\n<meta name=\"robots\" content=\"index, follow, max-snippet:-1, max-image-preview:large, max-video-preview:-1\" \/>\n<link rel=\"canonical\" href=\"https:\/\/ville-frelinghien.fr\/index.php\/menu-de-la-cantine\/\" \/>\n<meta property=\"og:locale\" content=\"fr_FR\" \/>\n<meta property=\"og:type\" content=\"article\" \/>\n<meta property=\"og:title\" content=\"MENU DE LA CANTINE - Frelinghien\" \/>\n<meta property=\"og:url\" content=\"https:\/\/ville-frelinghien.fr\/index.php\/menu-de-la-cantine\/\" \/>\n<meta property=\"og:site_name\" content=\"Frelinghien\" \/>\n<meta property=\"article:modified_time\" content=\"2026-03-17T07:49:32+00:00\" \/>\n<meta name=\"twitter:card\" content=\"summary_large_image\" \/>\n<meta name=\"twitter:label1\" content=\"Dur\u00e9e de lecture estim\u00e9e\" \/>\n\t<meta name=\"twitter:data1\" content=\"3 minutes\" \/>\n<script type=\"application\/ld+json\" class=\"yoast-schema-graph\">{\"@context\":\"https:\/\/schema.org\",\"@graph\":[{\"@type\":\"WebPage\",\"@id\":\"https:\/\/ville-frelinghien.fr\/index.php\/menu-de-la-cantine\/\",\"url\":\"https:\/\/ville-frelinghien.fr\/index.php\/menu-de-la-cantine\/\",\"name\":\"MENU DE LA CANTINE - Frelinghien\",\"isPartOf\":{\"@id\":\"https:\/\/ville-frelinghien.fr\/#website\"},\"datePublished\":\"2018-04-09T15:51:40+00:00\",\"dateModified\":\"2026-03-17T07:49:32+00:00\",\"breadcrumb\":{\"@id\":\"https:\/\/ville-frelinghien.fr\/index.php\/menu-de-la-cantine\/#breadcrumb\"},\"inLanguage\":\"fr-FR\",\"potentialAction\":[{\"@type\":\"ReadAction\",\"target\":[\"https:\/\/ville-frelinghien.fr\/index.php\/menu-de-la-cantine\/\"]}]},{\"@type\":\"BreadcrumbList\",\"@id\":\"https:\/\/ville-frelinghien.fr\/index.php\/menu-de-la-cantine\/#breadcrumb\",\"itemListElement\":[{\"@type\":\"ListItem\",\"position\":1,\"name\":\"Accueil\",\"item\":\"https:\/\/ville-frelinghien.fr\/\"},{\"@type\":\"ListItem\",\"position\":2,\"name\":\"MENU DE LA CANTINE\"}]},{\"@type\":\"WebSite\",\"@id\":\"https:\/\/ville-frelinghien.fr\/#website\",\"url\":\"https:\/\/ville-frelinghien.fr\/\",\"name\":\"Frelinghien\",\"description\":\"Bienvenue sur le site de Frelinghien\",\"potentialAction\":[{\"@type\":\"SearchAction\",\"target\":{\"@type\":\"EntryPoint\",\"urlTemplate\":\"https:\/\/ville-frelinghien.fr\/?s={search_term_string}\"},\"query-input\":\"required name=search_term_string\"}],\"inLanguage\":\"fr-FR\"}]}<\/script>\n<!-- \/ Yoast SEO plugin. -->","yoast_head_json":{"title":"MENU DE LA CANTINE - Frelinghien","robots":{"index":"index","follow":"follow","max-snippet":"max-snippet:-1","max-image-preview":"max-image-preview:large","max-video-preview":"max-video-preview:-1"},"canonical":"https:\/\/ville-frelinghien.fr\/index.php\/menu-de-la-cantine\/","og_locale":"fr_FR","og_type":"article","og_title":"MENU DE LA CANTINE - Frelinghien","og_url":"https:\/\/ville-frelinghien.fr\/index.php\/menu-de-la-cantine\/","og_site_name":"Frelinghien","article_modified_time":"2026-03-17T07:49:32+00:00","twitter_card":"summary_large_image","twitter_misc":{"Dur\u00e9e de lecture estim\u00e9e":"3 minutes"},"schema":{"@context":"https:\/\/schema.org","@graph":[{"@type":"WebPage","@id":"https:\/\/ville-frelinghien.fr\/index.php\/menu-de-la-cantine\/","url":"https:\/\/ville-frelinghien.fr\/index.php\/menu-de-la-cantine\/","name":"MENU DE LA CANTINE - Frelinghien","isPartOf":{"@id":"https:\/\/ville-frelinghien.fr\/#website"},"datePublished":"2018-04-09T15:51:40+00:00","dateModified":"2026-03-17T07:49:32+00:00","breadcrumb":{"@id":"https:\/\/ville-frelinghien.fr\/index.php\/menu-de-la-cantine\/#breadcrumb"},"inLanguage":"fr-FR","potentialAction":[{"@type":"ReadAction","target":["https:\/\/ville-frelinghien.fr\/index.php\/menu-de-la-cantine\/"]}]},{"@type":"BreadcrumbList","@id":"https:\/\/ville-frelinghien.fr\/index.php\/menu-de-la-cantine\/#breadcrumb","itemListElement":[{"@type":"ListItem","position":1,"name":"Accueil","item":"https:\/\/ville-frelinghien.fr\/"},{"@type":"ListItem","position":2,"name":"MENU DE LA CANTINE"}]},{"@type":"WebSite","@id":"https:\/\/ville-frelinghien.fr\/#website","url":"https:\/\/ville-frelinghien.fr\/","name":"Frelinghien","description":"Bienvenue sur le site de Frelinghien","potentialAction":[{"@type":"SearchAction","target":{"@type":"EntryPoint","urlTemplate":"https:\/\/ville-frelinghien.fr\/?s={search_term_string}"},"query-input":"required name=search_term_string"}],"inLanguage":"fr-FR"}]}},"_links":{"self":[{"href":"http:\/\/ville-frelinghien.fr\/index.php\/wp-json\/wp\/v2\/pages\/3418"}],"collection":[{"href":"http:\/\/ville-frelinghien.fr\/index.php\/wp-json\/wp\/v2\/pages"}],"about":[{"href":"http:\/\/ville-frelinghien.fr\/index.php\/wp-json\/wp\/v2\/types\/page"}],"author":[{"embeddable":true,"href":"http:\/\/ville-frelinghien.fr\/index.php\/wp-json\/wp\/v2\/users\/2"}],"replies":[{"embeddable":true,"href":"http:\/\/ville-frelinghien.fr\/index.php\/wp-json\/wp\/v2\/comments?post=3418"}],"version-history":[{"count":86,"href":"http:\/\/ville-frelinghien.fr\/index.php\/wp-json\/wp\/v2\/pages\/3418\/revisions"}],"predecessor-version":[{"id":8713,"href":"http:\/\/ville-frelinghien.fr\/index.php\/wp-json\/wp\/v2\/pages\/3418\/revisions\/8713"}],"wp:attachment":[{"href":"http:\/\/ville-frelinghien.fr\/index.php\/wp-json\/wp\/v2\/media?parent=3418"}],"curies":[{"name":"wp","href":"https:\/\/api.w.org\/{rel}","templated":true}]}}